20
What is 334 (base 15) in base 3?
222211
What is 2227 (base 8) in base 7?
3266
-1350 (base 6) to base 5
-2404
5446 (base 11) to base 6
53141
Convert 1535 (base 9) to base 10.
1166
-154311 (base 6) to base 10
-15235
What is -351 (base 8) in base 11?
-1a2
What is cc (base 13) in base 16?
a8
What is -238 (base 12) in base 13?
-1c7
694a (base 16) to base 4
12211022
Convert -6d (base 14) to base 4.
-1201
What is 11010110111 (base 2) in base 9?
2320
What is 1555 (base 14) in base 8?
7327
-1908 (base 10) to base 16
-774
Convert 75037 (base 8) to base 11.
21541
Convert 2176 (base 10) to base 12.
1314
-854 (base 10) to base 15
-3be
11fd4 (base 16) to base 9
122061
Convert -137 (base 16) to base 11.
-263
What is 112311 (base 4) in base 16?
5b5
What is -895 (base 14) in base 13?
-a09
Convert 578 (base 11) to base 4.
22302
Convert 30123 (base 8) to base 14.
4719
Convert -101100001111 (base 2) to base 6.
-21035
132 (base 10) to base 14
96
Convert 106 (base 12) to base 5.
1100
What is 1989 (base 11) in base 6?
15353
Convert 3230 (base 6) to base 16.
2e2
What is 4331441 (base 5) in base 14?
1cd76
1491 (base 10) to base 7
4230
Convert 22625 (base 8) to base 13.
44c1
What is -22532 (base 6) in base 11?
-2471
-6076 (base 10) to base 16
-17bc
2828a (base 11) to base 13
15439
What is -137 (base 11) in base 2?
-10100001
Convert -2221201 (base 3) to base 2.
-100001101000
What is 2e1 (base 15) in base 11?
551
9e0 (base 15) to base 5
32420
Convert 2120000 (base 4) to base 5.
302403
4a8c (base 14) to base 11
98a3
-3012 (base 7) to base 9
-1373
What is 15752 (base 8) in base 9?
10720
What is -218 (base 15) in base 12?
-335
51 (base 12) to base 7
115
Convert 3385 (base 10) to base 9.
4571
What is -172 (base 10) in base 8?
-254
Convert 652 (base 8) to base 5.
3201
Convert -1212112 (base 3) to base 16.
-554
What is c18 (base 14) in base 7?
6631
What is -504 (base 13) in base 12?
-5a9
-671 (base 13) to base 3
-1111222
127b0 (base 15) to base 13
20ba4
What is 5884 (base 14) in base 16?
3c2c
-587 (base 14) to base 3
-1111201
-77d (base 16) to base 2
-11101111101
Convert 76048 (base 9) to base 3.
2120001122
What is 83d (base 15) in base 8?
3502
Convert -494 (base 11) to base 14.
-2dd
What is 141202 (base 5) in base 12?
3436
Convert -2203332 (base 4) to base 8.
-24376
200305 (base 6) to base 3
210111012
What is -4c7 (base 15) in base 2?
-10000111111
100100110001111 (base 2) to base 9
27743
What is 57a (base 11) in base 6?
3112
What is -341343 (base 6) in base 7?
-150102
-28a7 (base 13) to base 8
-13373
What is -6ac1 (base 16) in base 13?
-c593
What is 58d (base 15) in base 5?
20013
What is -21640 (base 7) in base 14?
-1dc7
Convert -123 (base 12) to base 2.
-10101011
What is -18e (base 15) in base 14?
-1b9
Convert 63433 (base 7) to base 8.
36447
Convert 42003 (base 5) to base 8.
5301
22002202 (base 4) to base 11
28994
-110313 (base 4) to base 7
-3615
What is 231310 (base 4) in base 14?
10d6
What is -342 (base 11) in base 12?
-2a1
What is 7725 (base 10) in base 8?
17055
What is -13444 (base 10) in base 7?
-54124
33f5 (base 16) to base 5
411201
What is 127 (base 10) in base 4?
1333
Convert 4276 (base 9) to base 11.
2401
Convert 708 (base 11) to base 7.
2331
Convert -1cc80 (base 14) to base 7.
-425120
What is -15d (base 16) in base 10?
-349
-70b4 (base 12) to base 16
-2fc8
-400303 (base 5) to base 2
-11000100100010
6151 (base 7) to base 8
4137
-743 (base 9) to base 8
-1136
-11011011011 (base 2) to base 15
-7c0
Convert 1122100 (base 3) to base 13.
711
What is -21520 (base 7) in base 8?
-12434
Convert -320 (base 10) to base 2.
-101000000
What is -1011001010100 (base 2) in base 7?
-22444
Convert -25597 (base 11) to base 15.
-acd3
Convert -2444 (base 6) to base 9.
-741
What is -202210 (base 3) in base 8?
-1061
What is 5115 (base 9) in base 4?
322130
227a (base 13) to base 8
11341
What is -131130 (base 5) in base 7?
-21026
Convert 5cb (base 16) to base 4.
113023
What is -10002100 (base 3) in base 12?
-1376
14222 (base 5) to base 16
4a3
474 (base 12) to base 16
298
-2949 (base 11) to base 8
-7334
What is -2645 (base 7) in base 5?
-13023
What is 115434 (base 6) in base 14?
3a90
Convert 2d67 (base 15) to base 8.
23054
Convert 10000101110001110 (base 2) to base 9.
113854
202112 (base 3) to base 4
20222
Convert -15124 (base 12) to base 3.
-1111112101
What is -a914 (base 14) in base 15?
-89d2
What is 11043 (base 5) in base 9?
1048
Convert -3aa (base 12) to base 15.
-277
14421 (base 8) to base 11
4904
What is -7054 (base 8) in base 16?
-e2c
1001010 (base 3) to base 14
3c3
What is 117c (base 16) in base 3?
20010210
What is -100001 (base 2) in base 9?
-36
-1111110111101111 (base 2) to base 4
-33313233
-1273 (base 9) to base 5
-12312
What is 157 (base 11) in base 6?
503
What is -5678 (base 11) in base 12?
-43a2
What is 1012 (base 4) in base 9?
77
Convert -1343322 (base 5) to base 3.
-1102100122
What is -52520 (base 6) in base 11?
-5379
What is aa (base 16) in base 5?
1140
What is -2232 (base 4) in base 13?
-105
-6f9 (base 16) to base 4
-123321
Convert 6605 (base 13) to base 15.
431b
What is 110301 (base 8) in base 12?
19541
-235 (base 10) to base 2
-11101011
Convert 3022 (base 5) to base 12.
283
What is -528 (base 12) in base 6?
-3252
What is 8a8c (base 13) in base 6?
225422
What is 4608 (base 14) in base 4?
2332000
What is -1979 (base 10) in base 15?
-8be
Convert 10000101100 (base 2) to base 6.
4540
-1c16 (base 14) to base 12
-2b64
396 (base 13) to base 9
770
Convert 100112100 (base 3) to base 6.
52100
-322 (base 11) to base 8
-603
21013 (base 4) to base 8
1107
What is -10011011100 (base 2) in base 16?
-4dc
What is 204043 (base 6) in base 7?
65640
Convert 8a6 (base 11) to base 6.
5004
-1021020 (base 3) to base 14
-4a0
Convert 1418 (base 9) to base 3.
1110122
-17643 (base 9) to base 11
-9181
Convert 35410 (base 6) to base 9.
7016
Convert 11100000 (base 2) to base 16.
e0
-10110110 (base 2) to base 13
-110
Convert -5a (base 15) to base 3.
-10011
-303124 (base 5) to base 8
-23075
Convert 1739 (base 16) to base 5.
142240
Convert 4773 (base 12) to base 16.
1f47
What is -30 (base 16) in base 2?
-110000
-111 (base 5) to base 13
-25
What is -1111010111110 (base 2) in base 4?
-1322332
What is -1521 (base 6) in base 10?
-409
1225 (base 8) to base 11
551
-41213 (base 5) to base 7
-10552
Convert 1135 (base 7) to base 3.
120111
What is -2dc6 (base 16) in base 13?
-5445
-1402 (base 7) to base 12
-391
Convert a8 (base 12) to base 10.
128
-1000010110110101 (base 2) to base 14
-c68d
2121120 (base 3) to base 7
5361
Convert 5a9 (base 13) to base 11.
815
-20a9 (base 13) to base 3
-20012220
1c01 (base 14) to base 13
2421
-271 (base 16) to base 5
-10000
1010001101 (base 2) to base 4
22031
24d (base 14) to base 2
111001101
Convert -28 (base 10) to base 6.
-44
What is -1007 (base 10) in base 15?
-472
Convert -ce (base 16) to base 14.
-10a
Convert 2905 (base 11) to base 6.
25220
Convert 411 (base 15) to base 6.
4124
What is -40042 (base 6) in base 4?
-1101122
Convert -2140 (base 9) to base 11.
-1202
What is 1353 (base 7) in base 8?
1020
-15102 (base 6) to base 13
-1139
What is -622 (base 16) in base 14?
-802
What is 5733 (base 13) in base 11?
91a0
Convert 110000001001 (base 2) to base 4.
300021
-144423 (base 6) to base 7
-55524
What is 1114 (base 9) in base 16?
337
What is -3003100 (base 4) in base 7?
-51301
-202121 (base 3) to base 8
-1054
What is a2 (base 11) in base 5?
422
-1698b (base 12) to base 14
-bbbd
What is 3515 (base 6) in base 13?
4c7
What is -11321 (base 4) in base 11?
-313
What is -6633 (base 11) in base 9?
-13000
Convert -2000000210 (base 3) to base 15.
-ba0c
Convert -76a (base 12) to base 7.
-3115
What is -62614 (base 7) in base 8?
-36045
1031103 (base 4) to base 5
124242
What is -11906 (base 10) in base 13?
-555b
What is -344315 (base 6) in base 2?
-111001100110111
Convert 5044 (base 6) to base 15.
4dd
What is 117524 (base 8) in base 2?
1001111101010100
10100100010 (base 2) to base 4
110202
Convert -13303 (base 4) to base 6.
-2151
What is 11104 (base 5) in base 2?
1100001011
4052 (base 6) to base 9
1205
73 (base 9) to base 11
60
971 (base 14) to base 4
131013
Convert -4468 (base 9) to base 6.
-23142
Convert -2024 (base 9) to base 11.
-1126
6c (base 14) to base 3
10120
What is -1313 (base 11) in b